{"id":129,"date":"2022-04-17T12:41:35","date_gmt":"2022-04-17T10:41:35","guid":{"rendered":"https:\/\/biohofladen.ch\/?page_id=129"},"modified":"2022-05-01T16:33:33","modified_gmt":"2022-05-01T14:33:33","slug":"home","status":"publish","type":"page","link":"https:\/\/biohofladen.ch\/","title":{"rendered":"Home"},"content":{"rendered":"\n<div style=\"height:100px\" aria-hidden=\"true\" class=\"wp-block-spacer\"><\/div>\n\n\n\n<p class=\"has-sitebg-background-color has-background\" style=\"font-size:25px\">Herzlich Willkommen bei Ruch Bio-Gem\u00fcsebau.<br>Unser Familienbetrieb baut in Kirchleerau und Umgebung saisonales und regionales Biogem\u00fcse an. Neben unserem Gem\u00fcseanbau f\u00fchren wir einen Hofladen mit Bioartikeln aus der Region, handgemachten Backwaren und beliefern unsere Kunden w\u00f6chentlich mit unserer Saisonbox. <br>Seit 2012 f\u00fchren wir unseren Betrieb in 3 Generation mit viel Liebe und Leidenschaft. <br>Wir freuen uns, dass du uns online besuchst und hoffen, dass du alle Informationen findest. Sollte dies nicht der Fall sein, z\u00f6gere nicht, uns zu kontaktieren.<br><\/p>\n\n\n\n<p class=\"has-sitebg-background-color has-background\" style=\"font-size:25px\">Liebe Gr\u00fcsse<br>Familie Ruch<\/p>\n\n\n\n<div class=\"wp-block-buttons is-content-justification-center is-layout-flex wp-container-core-buttons-is-layout-16018d1d wp-block-buttons-is-layout-flex\">\n<div class=\"wp-block-button has-custom-font-size is-style-outline has-normal-font-size is-style-outline--1\"><a class=\"wp-block-button__link has-accent-1-color has-sitebg-background-color has-text-color has-background\" href=\"https:\/\/biohofladen.ch\/?page_id=101\" style=\"border-radius:0px\">Angebot<\/a><\/div>\n\n\n\n<div class=\"wp-block-button has-custom-font-size is-style-outline has-normal-font-size is-style-outline--2\"><a class=\"wp-block-button__link has-accent-1-color has-sitebg-background-color has-text-color has-background\" href=\"mailto:info@biohofladen.ch\" style=\"border-radius:0px\" target=\"_blank\" rel=\"noreferrer noopener\">Kontakt<\/a><\/div>\n<\/div>\n\n\n\n<div style=\"height:100px\" aria-hidden=\"true\" class=\"wp-block-spacer\"><\/div>\n\n\n\n<div style=\"height:100px\" aria-hidden=\"true\" class=\"wp-block-spacer\"><\/div>\n","protected":false},"excerpt":{"rendered":"<p>Herzlich Willkommen bei Ruch Bio-Gem\u00fcsebau.Unser Familienbetrieb baut in Kirchleerau und Umgebung saisonales und regionales Biogem\u00fcse an. Neben unserem Gem\u00fcseanbau f\u00fchren wir einen Hofladen mit Bioartikeln &hellip;<\/p>\n","protected":false},"author":1,"featured_media":0,"parent":0,"menu_order":0,"comment_status":"closed","ping_status":"closed","template":"template-page-builder.php","meta":{"_acf_changed":false,"_coblocks_attr":"","_coblocks_dimensions":"","_coblocks_responsive_height":"","_coblocks_accordion_ie_support":"","footnotes":""},"class_list":["post-129","page","type-page","status-publish","hentry"],"acf":[],"jetpack_sharing_enabled":true,"_links":{"self":[{"href":"https:\/\/biohofladen.ch\/index.php?rest_route=\/wp\/v2\/pages\/129","targetHints":{"allow":["GET"]}}],"collection":[{"href":"https:\/\/biohofladen.ch\/index.php?rest_route=\/wp\/v2\/pages"}],"about":[{"href":"https:\/\/biohofladen.ch\/index.php?rest_route=\/wp\/v2\/types\/page"}],"author":[{"embeddable":true,"href":"https:\/\/biohofladen.ch\/index.php?rest_route=\/wp\/v2\/users\/1"}],"replies":[{"embeddable":true,"href":"https:\/\/biohofladen.ch\/index.php?rest_route=%2Fwp%2Fv2%2Fcomments&post=129"}],"version-history":[{"count":20,"href":"https:\/\/biohofladen.ch\/index.php?rest_route=\/wp\/v2\/pages\/129\/revisions"}],"predecessor-version":[{"id":507,"href":"https:\/\/biohofladen.ch\/index.php?rest_route=\/wp\/v2\/pages\/129\/revisions\/507"}],"wp:attachment":[{"href":"https:\/\/biohofladen.ch\/index.php?rest_route=%2Fwp%2Fv2%2Fmedia&parent=129"}],"curies":[{"name":"wp","href":"https:\/\/api.w.org\/{rel}","templated":true}]}}